309 + 303. Let f(g) = -g**2 - 6*g - 7. Determine f(z).
-7
Let j(v) = v**3 + 6*v**2 - 6. Suppose 0 = -5*z + 4 - 34. What is j(z)?
-6
Let a(t) = -22*t**3 + 40*t**2 + 16*t - 17. Let x(l) = 8*l**3 - 13*l**2 - 6*l + 6. Let s(z) = 3*a(z) + 8*x(z). Calculate s(8).
-3
Suppose -4*r + 3*i + 1 + 6 = 0, 2*i + 6 = 2*r. Let k(z) = -3*z**2 - 3*z - 3. Calculate k(r).
-9
Let r(t) = -3*t**2 - 7*t + 13. Let g(a) = a**2 + 4*a - 6. Suppose 0 = -k - 5 - 0. Let x = -342 - -340. Let z(v) = k*g(v) + x*r(v). Calculate z(3).
-5
Suppose 5*p = 2*p + 3. Let u(z) = z - 1. Let g(o) = -19*o**2 - 1. Let t(h) = p*g(h) - 2*u(h). Calculate t(1).
-20
Let y(s) = 2*s - 2. Let m = 16 - 16. Suppose 0 = -2*c, -5*i + 0*c - 3*c + 30 = m. Calculate y(i).
10
Let d(s) = -s**3 - s**2 - s - 1. Let j(t) = -t**3 - t**2 + 1. Let k(b) = d(b) - 2*j(b). Suppose 4 = 5*h - 2*x, 2*x = -h - h - 4. What is k(h)?
-3
Suppose 2*z = 8 - 2. Suppose -5*j + 7 = -3*t - 0*t, t - z = -j. Let f(b) = 1 - t - 6*b**3 + 1 - 4*b**3. Calculate f(1).
-9
Let i(o) = o**3 + 6*o - 1. Let l(c) = -c**3 + c**2 - c. Let n be 1/(-3) - (-16)/12. Let p(q) = n*i(q) + 3*l(q). Determine p(3).
-19
Let x(s) = s**2 + s - 18. Let f be x(-5). Let n(u) = 240*u**2 + 3 + f - 239*u**2 + 5*u. What is n(-6)?
11
Let b(t) = 40*t**2 + 0*t**3 - 13*t**2 - t**3 + 3*t - 18*t**2 + 5. Give b(9).
32
Let s(m) = 2*m - m + 10 - 3. Suppose 45 = -0*l - 9*l. What is s(l)?
2
Let w(v) be the first derivative of v**3/3 + 2*v + 30. Suppose 3*u - 12 + 12 = 0. What is w(u)?
2
Let m(a) be the third derivative of 0 + 5/24*a**4 + 1/60*a**5 + 5*a**2 + 0*a + 1/3*a**3. Let x be 2/((-4)/6) - 1. Determine m(x).
-2
Let n(o) = o - 5. Let c(v) = -v**2 + 2*v - 5. Let w(r) = 2*c(r) - 3*n(r). Determine w(5).
-40
Let c(m) = m**3 + 9*m**2 + 5*m + 4. Let i be c(-8). Let s be 8/i + 2/(-7). Let z(k) = -k**2 + 10. What is z(s)?
10
Let l(w) = w**2 - 6*w - 32. Let a be l(10). Let b(y) = 4*y**3 - 5*y**2 + 3*y - 1. Let o(p) = p**3 + p**2 + p - 2. Let s(h) = b(h) - 3*o(h). Determine s(a).
5
Suppose k + 5*b - 13 = 0, b - 18 = 2*k - 0. Let f(g) = 0*g**3 + 2*g**3 - 161 - g**3 + 162 + 7*g + 8*g**2. Calculate f(k).
1
Let b(x) = -x**3 + 7*x**2 - 6*x - 1. Let n be b(6). Let g(m) be the first derivative of 4*m**3 - m - 1 + 2*m - 2*m - 4. What is g(n)?
11
Let q(c) be the third derivative of c**4/24 + c**3/3 + 19*c**2. Determine q(-5).
-3
Let i(q) = 3*q + 1 - 18*q + 13*q + 6*q + 10*q. Determine i(1).
15
Let l(f) = 2*f - 6. Let h be (-24)/(-4) + -4 + -2. Give l(h).
-6
Let d(v) = -16 + 0*v - 1 - 6*v + 7*v + 0*v. Determine d(7).
-10
Suppose 7 = 5*v - 13. Let n(u) = u**3 + u**2 + 3. Let w(l) = 3*l**3 - 2*l**2 + 3. Let m(i) = -2*n(i) + w(i). What is m(v)?
-3
Suppose 4*h - 2*h = -38. Let j = h + 13. Let w(u) = -2*u - 3. What is w(j)?
9
Let r = -1216 - -1221. Let l(d) = -d**2 + 7*d - 7. What is l(r)?
3
Let y be 2/(-4) + (-14)/4. Let r(c) be the first derivative of c**3/3 + 5*c**2/2 + 1. Give r(y).
-4
Let u be 4 - (0 + 0 + -2). Suppose 0 = u*h - h. Suppose h*k = -3*k - 18. Let x(d) = -d**3 - 6*d**2 - 5. Give x(k).
-5
Let v(y) = y**3 + 7*y**2 - 6*y - 5. Let p(w) = -8*w**2 + 21*w - 21. Let i be p(1). Calculate v(i).
-21
Let q(x) = 13*x**3 + 53*x**2 + 17*x + 55. Let t(p) = -3*p**3 - 13*p**2 - 4*p - 14. Let s(l) = -2*q(l) - 9*t(l). Determine s(-11).
-6
Let l be (18/(-3) - -3)/(-3). Suppose -q + 2 - l = 0. Let j(t) = -37*t + 28*t - t**2 - 8 - q. What is j(-6)?
9
Let c(d) be the first derivative of d**2/2 + 4*d + 4. Calculate c(0).
4
Let p(i) be the third derivative of -i**4/24 + 2*i**3/3 - 20*i**2 + 1. Give p(-5).
9
Let m(s) = -s**2 + 4*s + 6. Let o(i) = -i**2 + 7*i - 6. Let d be o(5). Suppose r = -4*g - 10, d*g + 0 = r - 22. Calculate m(r).
-6
Let v(p) = -507*p**2 - 5 + 257*p**2 + 252*p**2 - 2*p. Give v(-2).
7
Let w(b) = b**3 + 10*b**2 + 15*b - 12. Let d be w(-8). Let z(h) = -h**3 - 3*h**2 + h - 2. Determine z(d).
10
Suppose -57 = -4*x + 5*a - 33, 3*x - 15 = 3*a. Let y(d) be the third derivative of d**5/15 + d**4/24 - 4*d**2. Calculate y(x).
5
Let p(h) be the first derivative of 1/12*h**4 + 2*h**3 + 0*h + 7 - 1/120*h**5 + 0*h**2. Let u(j) be the third derivative of p(j). Determine u(6).
-4
Let x(n) = 4*n + 6. Suppose -d + 4*d = 21. Suppose 36 = -d*s + s. Calculate x(s).
-18
Let u(a) = a**3 + 10*a**2 + 21*a + 5. Let n be u(-7). Let p(g) = -g**3 + 7*g**2 - 14*g + 7. Give p(n).
-13
Let r(n) = n**3 - 7*n**2 + 8. Let s(u) = -u + 11. Let z be s(-6). Let a = z - 10. Suppose a*f = 4*f + 21. Determine r(f).
8
Let i(l) = l**2 - 7*l - 2. Let k(x) = 2*x**2 - 6*x. Let v(a) = -2*i(a) + 3*k(a). Give v(3).
28
Let z(w) = -w**2 + 10*w + 6. Let x be (7 + (-134)/18)/(6/(-108)). Determine z(x).
22
Let c(f) = -1. Let q(y) = y**2 - 9*y + 12. Let v(n) = 5*c(n) + q(n). Suppose 70*a = 50*a + 180. What is v(a)?
7
Let l = -91 + 106. Let t(m) = -4 + 22*m - l*m - 6*m. Suppose 0*s = -4*s - 12. Give t(s).
-7
Let d be 2*(-1)/2*7. Let x = d + 11. Let p(n) = 3*n**2 + 6*n - 3. Let z(m) = -m**2 - 3*m + 2. Let j(g) = 2*p(g) + 5*z(g). Determine j(x).
8
Let h(l) = l + 10. Let k(w) = w + 13. Let s(z) = 3*h(z) - 2*k(z). What is s(-5)?
-1
Let i(h) = -2*h**2 - 17*h - 9. Let t(b) = -b**2 - 8*b - 4. Let k(y) = -3*i(y) + 7*t(y). Let a = -11 - -7. Let w be k(a). Let m(u) = -u + 1. Give m(w).
-2
Let l(r) be the first derivative of -r**4/4 - 7*r**3/3 - r**2/2 - 4*r + 7. Let j be l(-7). Let u(i) = -1 - j*i + 3 - 3 + 0. What is u(3)?
-10
Let j = 0 + -3. Let n(k) = -3*k**2 - 3*k - 4. Let i(a) = 9*a**2 + 9*a + 11. Suppose 4*f = -4*p - p + 39, 0 = -4*p + 12. Let o(q) = f*i(q) + 17*n(q). Give o(j).
16
Let t = 75 + -76. Let w(b) = 1 + 6*b**2 + 2*b + b - 3*b. What is w(t)?
7
Let q(n) = n**2 + 7*n - 4. Let x(g) = -14*g - 12. Let t be x(6). Let a = -104 - t. Give q(a).
4
Let t(q) be the third derivative of -q**6/120 - q**5/20 + q**4/8 - q**3/3 + 2*q**2. Suppose 6*k = 7*k, -3*w = -2*k + 12. Give t(w).
2
Suppose 3*y + 46 - 17 = 5*z, 5*z = y + 3. Let x = 12 + y. Let b(c) = 1. Let w(l) = l + 7. Let d(u) = 6*b(u) - w(u). Give d(x).
0
Let s(d) = -d - 6. Let i(v) = 1. Let h(l) = -2*l**2 - 9*l + 11. Let x(c) = h(c) + i(c). Let k be x(-6). Give s(k).
0
Suppose 12*b - 9*b = -15. Let p(h) = 3*h - 20 + 27 - h. Calculate p(b).
-3
Let v(q) = 2*q - 44. Let m be (-32 - -2)/(7/((-14)/3)). Let i be v(m). Let d(j) be the first derivative of j**2/2 + 4*j + 1. Calculate d(i).
0
Let t = -22 + 34. Let w = t - 10. Suppose -8*b + w = -7*b. Let j(a) = a**2 - 2. What is j(b)?
2
Let s(u) = u**3 + 4*u**2 + 4*u + 2. Suppose 1094 - 1106 = 3*c. Determine s(c).
-14
Let q(f) = 9*f**2 - 2*f - 14. Let v(b) = -16*b**2 + 2*b + 27. Let y(k) = -7*q(k) - 4*v(k). Calculate y(-8).
6
Let o be -1*2*(-3)/2. Let u(d) = 7*d**2 - 9*d + 4*d - 5*d**2 + 3. Give u(o).
6
Let h(b) = b + 4. Let v = 8 - 5. Let o(s) = -1 + 7 + 0 - 3 + s. Let m(y) = v*o(y) - 2*h(y). Give m(-2).
-1
Let w be 8 + 5/(10/4). Let b = 10 - w. Let v = 2 - b. Let c(s) = 2*s**3 - 3*s + 1. Give c(v).
11
Suppose 2*s - 8 = -3*s + 4*p, 0 = -3*s - 2*p + 18. Let v(n) = n**3 - 2*n**2 + 3. Give v(s).
35
Let o(d) = -2*d - 2. Let v be o(-2). Let l(h) = 6*h**2 + 2*h - v + 1 - 3*h. Suppose 3*f + 4*y + 15 = 0, 3*f = f - 4*y - 14. Calculate l(f).
6
Let p(n) = -2*n**3 + 5*n**2 - 13*n + 1. Let a(y) = -2261*y**3 + 2262*y**3 + 3*y + 4*y - 2*y**2. Let x(j) = -5*a(j) - 3*p(j). Determine x(4).
-3
Let b(y) = 2*y + y - 53 - 56 + 92. Determine b(8).
7
Let w(s) = -s**3 + s**2 + 3*s + 1. Let b be w(-2). Let m(c) = 0 - 2*c - 4*c + b*c + 3. Let n(x) = 2*x + 2. Let y(p) = 3*m(p) - 2*n(p). Calculate y(0).
5
Suppose 5*v = 2*q + 28, v + 2*v - 24 = 3*q. Let b(g) = -g**3 + 5*g**2 - g - 4. What is b(v)?
8
Let z(d) = d**2 - 5*d - 77. Let j be z(-7). Let s(l) = 5*l - 15. Give s(j).
20
Let r(u) be the first derivative of -2*u**3/3 + u**2 - 2*u + 114. Give r(3).
-14
Let w(u) = 15*u - 3*u - 11*u. Let s(d) = d**2 + d - 11. Let m be s(-6). Let q = m + -16. Calculate w(q).
3
Let y(z) = -z**2 - 4*z - 6. Suppose 7*u + 10*u = -51. Calculate y(u).
-3
Let x(p) = -p**2 + 12*p - 5. Let u be x(11). Suppose -u = 3*w - 0*w. Let d(i) = -2*i**3 - 4*i**2 - 3*i. What is d(w)?
6
Let p(u) = 3*u - 6. Suppose -2*q = -4*a + 72, -a - 3*q = -2*a + 8. Suppose 15*d - a = 10*d. Give p(d).
6
Let u be (-93)/9 + 44/33. Let r(z) = -z**3 - 8*z**2 + 10*z + 4. What is r(u)?
-5
Let g(u) = -u**3 + 10*u**2 - u + 8. Let b(i) = 